Evaluate 43 + (-13 - -17) + (-22 - (-28 - -26)).
27
Calculate (4 - 18) + (-56 + 33 - -77).
40
Evaluate -1 + -2 + 17 - (69 - 3).
-52
What is the value of (-2 - ((3 - -34) + 1 + -7)) + (-21 - -30)?
-24
15 + (28 - 168 - 1)
-126
Evaluate -5 - (3 + 4 + 44 + -26).
-30
-4605 + 4675 - (-69 - 1)
140
What is -45 + 124 + -31 - 62?
-14
Evaluate -14 + (-16 - (-20 - (6 - 16))).
-20
Evaluate 26 - ((-2 - -7 - -7) + -33 + 32).
15
Calculate 12 - (97 + 49 + -97).
-37
What is 28 - (3 + 2 + 2) - (22 + -33 - -16)?
16
What is the value of (10 + (19 - 21) - 27) + 2?
-17
33 + -2 + -7 + -48 + 57
33
-23 + -15 + 38 - -7 - 28
-21
What is the value of 2 + 1 - (-1 - (14 + 2 - (40 + -72)))?
52
What is the value of (-61 - -127) + -166 - -30?
-70
What is the value of 16 - (12 + -13 + -26)?
43
What is 49 + -1 + -53 - (-1 + -1 + -26)?
23
What is 113 + 53 + -330 + 89?
-75
Evaluate 6 - (-16 + -75 + 78 + (3 - 1)).
17
39 + -12 + 3 + (-12 - (26 - 31))
23
What is 17 + -21 + 19 + -28 - -63?
50
Evaluate 31 + 35 + -71 - (0 - 0 - (-11 - -12)).
-4
What is the value of 43 + -30 + -80 + -19?
-86
What is the value of -47 + (-52 - -102) - (-3 - -25)?
-19
What is (15 - 0) + -50 + (19 - -10)?
-6
Evaluate 1 + 65 - (33 - (-27 + 66)).
72
Evaluate (70 - (35 - 2)) + -62.
-25
65 + -71 + (-28 - -12) + 53
31
What is -1 + 2 - 1 - (-14 - (-33 + 76))?
57
-10 - 19 - (-2 + 11 + -14) - (-3 + 8)
-29
What is the value of 50 - (18 + (-9 - -5 - 17) - -7)?
46
Evaluate (-6 - (11 + -33 + 2 + 6)) + -3 + -8.
-3
Evaluate (25 - (-10 - -47)) + -11 + -44.
-67
-18 + -24 + 71 + -37 + 15
7
What is 53 - (-45 + 53 + 5)?
40
13 + 1 + 0 + (-40 - -21) + 38
33
What is the value of -75 + 82 + 6 - (0 - -47)?
-34
Evaluate -129 + (70 - (5 + 4)).
-68
-9 + (-17 - (-19 - -5) - 22)
-34
What is -24 - (-18 - -51 - 41)?
-16
-166 + (9 - (12 - (79 + -30)))
-120
(-12 - (2 + -3)) + -2 + 1 + 37
25
Evaluate -3 - (-58 - (-31 + -4)) - 5.
15
Evaluate (-5 - -9) + -34 - (23 - 16).
-37
Calculate -20 + (-11 - (-9 - 87)).
65
Evaluate 186 + -191 + (2 - 0) + 10.
7
Calculate 629 - 656 - (-44 - 0) - (7 + -1).
11
What is -171 + 169 - (2 + -2 - (5 - -40))?
43
Calculate -11 - (52 + 5 + -8 + -11 - 8).
-41
What is -7 + (-6 - (-5 + -1)) - (-54 - -70 - 13)?
-10
87 + 9 - 13 - (2 + -11)
92
Calculate -20 + 40 - (-22 - -55 - 22) - (0 + -83).
92
What is -27 + -14 + 4 + 99 + 8?
70
Calculate -75 + 59 + (-1 - 1 - -60 - 3).
39
What is (48 - (14 + 22)) + 0 + -53?
-41
Calculate -93 - (-1 + -27 + 38 + -29).
-74
-4 - (8 - (-8 - (4 - (-16 - -25))))
-15
Evaluate (-3 - (9 + 7)) + (-5 - (1 + 1)).
-26
What is (-5 - (13 + 31) - 12) + -8 + -2 + -2?
-73
(1 - 22) + 2 + -3 + 21292 + -21282
-12
Evaluate -3 + 21 + 0 + (9734 - 9701).
51
Evaluate 1 - (-56 - (-60 + 48)).
45
Evaluate (10 - 28) + 55 + -24 - 53.
-40
What is the value of (17 - (-8 - -6)) + (-9 - 1 - (-9 + 4))?
14
Calculate (9 + -23 - 56) + 12 + (7 - 0).
-51
Evaluate -6 - (26 - (-14 - (-12 + -15))).
-19
Calculate 49 - ((0 - 1 - -1) + (102 - 93 - 6)).
46
Calculate -6 - 0 - 5 - (-10 - 0 - -60).
-61
-31 + 125 + -101 + 63
56
Evaluate 41 + -36 + 1 + -6 + 3.
3
Evaluate 755 + -644 - (6 + 24).
81
Evaluate (-2 - 1) + 30 - -3 - (-1 - 19 - -12).
38
What is the value of 4 + 4 + (3 - 9) + (23 - 30) - -32?
27
What is 19 - (-2 - -5) - 4 - (-177 - -256)?
-67
What is the value of (16 - 83 - 9) + -9 + (33 - 23)?
-75
Evaluate (40 - (-20 - -42)) + (-16 - -23).
25
(2 - (3 - -8) - -20) + -7 + 11 - 92
-77
Calculate -28 + (-24 - (-15 + -6)).
-31
Evaluate 39 + -32 - (4 + -3 + -2).
8
Evaluate (52 - 15) + (-21 - (-6 - 26)).
48
Calculate -13 + 9 + -41 - (-14 + 17).
-48
Calculate -13 - -35 - (99 + -87).
10
What is the value of (-32 - 3) + -151 + 222?
36
-59 + 1 + 27 - 6
-37
What is -20 + (-32 - ((36 - 29) + -9))?
-50
What is -15 - ((-2 - -32) + (3 - -19) + -37)?
-30
Calculate (-6 - (-14 + 4)) + 10 + (-10 - -8).
12
(-42 + 42 - (12 - -2)) + -28
-42
Evaluate -38 - (20 + 0) - -70.
12
What is (16 - (-6 - 1)) + -39?
-16
Calculate -157 - -141 - (2 + -1) - (29 - 49).
3
(-86 + 2 - (-555 + 521)) + 128
78
What is 45 - (10 - ((-3 - -3) + 4 + 6 + -7))?
38
What is the value of -54 + (9 - -7) + -22 + (-9 - -24)?
-45
Calculate (-19 + 10 + -19 - 5) + 17 - -12.
-4
What is 12 - (21 - 57 - -56) - (-113 - 2)?
107
What is 16 + -24 + (-20 - -22) + 122?
116
Calculate -46 - (57 + -40 - 19).
-44
(-39 - -17 - (-1 - 0)) + -142 + 216
53
What is -144 + 99 - (8 + -79)?
26
What is -44 + (123 - (88 - 61))?
52
What is the value of (-14 - 30) + 6 + 51?
13
What is 3 - -1 - (2 + 3) - (-18 - 40 - -24)?
33
What is (142 - (-75 - -94)) + -101?
22
32 - (13 - ((0 - -22) + -18 + 19))
42
Calculate -115 - -1 - (2 - 3) - (37671 + -37671).
-113
What is the value of -10 - (-3 + -5) - (-11 - (-12 - -2) - 52)?
51
What is 40 - (6 + 9 + -21 + (4 - 0))?
42
Calculate -162 - (-97 + -64 - -67).
-68
Evaluate -15 - (16 + (-12 - 3 - 2) + 8 + -4).
-18
What is 68 + -42 + -15 + (25 - -3)?
39
-58 + (50 - 11) - 60
-79
Evaluate 115 + -103 + 77 + -92.
-3
Calculate -64 + (66 - (-80 - -26)).
56
Calculate -25 - (-18 - (23 + 3)).
19
What is -51 - -52 - (15 + -37) - 27?
-4
What is 10 - (1 + 2 + (4 - 56) - (155 + -163))?
51
Evaluate (-4 - -16 - -26) + -6 + (4 - -15).
51
What is the value of -2 - (-15 + (50 - -4))?
-41
-25 + 32 + 30 - 0
37
Evaluate -38 + -21 + (-25 - -12 - -35).
-37
What is the value of 2 + 2 + (-92 + 54 - -46) - (0 - -26)?
-14
Evaluate 0 - (-67 + -59 + 125 - (2 - 54)).
-51
Evaluate (204 - 230) + (-33 - 0) + 9.
-50
Calculate -10 + (-7 - (-13 - (9 + -10 - 2))).
-7
Evaluate (1 + 15 - (-117 + 106)) + 5 + -2 + 3.
33
9 + -32 + 10 + 7 + 0 + 24
18
-2 - (2 - 84) - (2268 - 2271)
83
Evaluate 1 + (2 - 3) - (9 + 11 + 0 + -76).
56
Evaluate 0 - 7 - (40 + -17 - -43 - -5).
-78
21 + (-6 + -10 - 5)
0
Evaluate 100 - (56 - (-67 + 110)).
87
What is the value of -11 + 75 + (-80 - -29)?
13
Calculate (5 + -168 - -4) + (-56 - -54 - -14) - 7.
-154
Calculate 85 - (-47 - -64) - 113.
-45
Calculate 30 + (-64 - 52) - (34 - -5).
-125
Evaluate (-7 - -28) + -24 - (-18 - 2).
17
What is the value of 1030 + -941 + 16 + 2?
107
Evaluate 8 + (-1 - 18) + 6 + 16.
11
Calculate -18 + 1 + (-78 - -67) + -21.
-49
What is -1 - 49 - (-12 + -11 + (26 - 13))?
-40
7951 + -7984 - (-143 - (0 + -1))
109
What is the value of -3 + 2 + (13 - (-1 - (-2 - 4)) - -6)?
13
What is the value of 182 + -98 + (56 - 10)?
130
What is the value of 47 - ((-1 - (0 - (-12 + 8))) + 6 - 6)?
52
What is the value of 24 + (19 - 27) - 24 - (4 + -23)?
11
Evaluate -18 - 4 - -3 - ((-84 - 6) + 26).
45
Calculate 0 - (24 - (28 - (-4 - -17) - 2)).
-11
(-2 - ((-17 - -122) + -61)) + -22 + 1
-67
What is 27 + 3 + -3 + (-2 - (12 - 13)) - 4?
22
What is the value of 5 - -13 - (36 - 21 - 6)?
9
What is 9506 + -9486 - ((1 - 1) + 46)?
-26
Evaluate (-13186 - -13139) + (12 - (4 + -2)).
-37
What is the value of 19 - (5 - (-8 - (-8 - -3) - -7))?
18
What is the value of 15 + -1 + (70 - (21 + -34)) - 15?
82
Evaluate 173 + (-120 - -18) + -23.
48
What is 132 + -55 + -93 + -104?
-120
What is -17 + (-57 - -26 - -22) + 20?
-6
What is 3 + -1 - -39 - (-65 - (-42 + -23))?
41
21 - (-19 - -59) - (16 - 24)
-11
What is 54 + (-3 - (-32 - -43))?
40
What is (-4 - (3 + -9) - (14 + -4)) + -2?
-10
Calculate -32 - 23 - (-7 + -7 + 4 - -5).
-50
(3778 - 3881) + 67 + -4
-40
What is (7 - (-2 - -12)) + (12 - (35 - 23))?
-3
What is (0 - 35 - (49 - 10 - 25)) + -14?
-63
Evaluate 42 - ((2 - -8 - -11) + -14).
35
Evaluate 7 + ((2 - (3 - 6)) + 4 - (44 - -12)).
-40
Evaluate 1 - (31 + (1 - 6 - (5 - 0))).
-20
What is -1 + 0 + (8 - -66) - (-11 - (8 + -22))?
70
Evaluate -1 - (-2 + 10 + -2) - (280 + -168 - 44).
-75
Evaluate (6 + -41 - -44) + 26.
35
Evaluate (-26 - -11) + -1 - 10 - 21.
-47
What is the value of -16 - (-16 - (-1 + -5)) - (0 + -5 - 36)?
35
-44 + -57 + 53 + -11
-59
What is the value of -27 + -10 + (2 + -1 - (-11 + 8))?
-33
((7 - 18) + 8 - -26) + (-6 - -13)
30
What is the value of -89 - (-23 + -14 + 34)?
-86
What is the value of 7 + (-1 - -17) + 189 + -165 + 20 + -1?
66
9 + -19 + -23 - (219 + -378)
126
Calculate -5 + (2 + 2 - -75) + (-10 - 13).
51
Calculate 1 - 0 - (-45 + 8 + 7 + 3).
28
What is (32 + -97 - -48) + 141 + -1?
123
What is the value of (7 - 57) + (7 - (26 - 23))?
-46
What is the value of 90 + 2 + -28 + -24?
40
6 + 2 + (13 + -16 - 46)
-41
-17 + (-150 - -203) + (-1 - (1 - 12))
46
(-3 - -5) + 5 + (-1 - (1 - -3))
2
Evaluate 14 - ((-